{"id":460,"date":"2021-06-10T20:35:02","date_gmt":"2021-06-10T18:35:02","guid":{"rendered":"https:\/\/centreevasion.com\/?page_id=460"},"modified":"2022-10-20T18:52:13","modified_gmt":"2022-10-20T16:52:13","slug":"inscription-maison-gilles-carles","status":"publish","type":"page","link":"https:\/\/centreevasion.com\/index.php\/demande-inscription\/inscription-maison-gilles-carles\/","title":{"rendered":"Inscription &#8211; Maison Gilles-Carles \u00c9vasion"},"content":{"rendered":"\n<ol class=\"wp-block-list\"><li><strong>Demande de service :<\/strong><br>\u2022 Appeler la MGC\u00c9 au (514) 738 \u2013 5151 et demander la trousse d\u2019information pour les proches  aidants (envoi par courriel ou par la poste).<br><br><\/li><li><strong>V\u00e9rification des crit\u00e8res d&rsquo;admissibilit\u00e9 et d\u2019exclusion<\/strong><br><br><\/li><li><strong>Planification rencontre d\u2019\u00e9valuation et ouverture du dossier :<\/strong><br><br>\u2022 Compl\u00e9ter la fiche d\u2019inscription et le formulaire \u00ab Termes et Conditions \u00bb et les retourner \u00e0 l\u2019adresse courriel suivante : evasion.coordination@gmail.com, \u00e0 l\u2019attention de Maril\u00e8ne Paquin, Coordonnatrice<br><br>\u2022 Suite \u00e0 la lecture des documents, Mme Maril\u00e8ne Paquin prendra contact avec vous afin de v\u00e9rifier les dates de disponibilit\u00e9s pour le r\u00e9pit-h\u00e9bergement. Une rencontre d\u2019\u00e9valuation sera planifi\u00e9e afin de proc\u00e9der \u00e0 l\u2019\u00e9valuation et \u00e0 l\u2019ouverture d\u2019un dossier. Cette rencontre, avec la Coordonnatrice, se fera si possible en pr\u00e9sence de la personne que vous soutenez.<br><br>\u2022 Rencontre d\u2019\u00e9valuation avec la Coordonnatrice:<br>a. \u00c9valuation des besoins de la personne h\u00e9berg\u00e9e<br>b. Compl\u00e9ter divers formulaires (protocoles COVID-19 obligatoires)<br>c. Payer les frais confirmant la r\u00e9servation du s\u00e9jour (une facture vous sera fournie)<br><br>Si vous n\u2019en n\u2019\u00eates pas \u00e0 votre premi\u00e8re r\u00e9servation et que la situation de la personne que vous aidez n\u2019a pas chang\u00e9, il est possible que nous n\u2019ayons pas \u00e0 vous rencontrer pr\u00e9alablement. Vous devrez tout de m\u00eame nous contacter pour les confirmations de s\u00e9jour et convenir des modalit\u00e9s de paiement.<br><br><\/li><li><strong>Pr\u00e9parer l\u2019admission :<\/strong><br>\u2022 Lire le document \u00ab Guide du proche aidants MGC\u00c9 \u00bb pour vous permettre de pr\u00e9parer le s\u00e9jour.<br>\u2022 Notez que le nombre d\u2019admission par jour est limit\u00e9. L\u2019accueil des personnes se fait de lundi au vendredi entre 9h30h et 13h.<\/li><\/ol>\n\n\n\n<div class=\"wp-block-buttons is-content-justification-center is-layout-flex wp-container-core-buttons-is-layout-16018d1d wp-block-buttons-is-layout-flex\">\n<div class=\"wp-block-button\"><a class=\"wp-block-button__link\" href=\"https:\/\/centreevasion.com\/wp-content\/uploads\/2022\/09\/GUIDE-PA-MGCE-2020.pdf\" target=\"_blank\" rel=\"noreferrer noopener\">Guide du proche aidant<\/a><\/div>\n<\/div>\n","protected":false},"excerpt":{"rendered":"<p>Demande de service :\u2022 Appeler la MGC\u00c9 au (514) 738 \u2013 5151 et demander la trousse d\u2019information pour les proches aidants (envoi par courriel ou par la poste). V\u00e9rification des crit\u00e8res d&rsquo;admissibilit\u00e9 et d\u2019exclusion Planification rencontre d\u2019\u00e9valuation et ouverture du dossier : \u2022 Compl\u00e9ter la fiche d\u2019inscription et le formulaire \u00ab Termes et Conditions \u00bb et les retourner \u00e0 l\u2019adresse courriel suivante : evasion.coordination@gmail.com, \u00e0 l\u2019attention de Maril\u00e8ne Paquin, Coordonnatrice \u2022 Suite \u00e0 la lecture des documents, Mme Maril\u00e8ne Paquin prendra contact avec vous afin de v\u00e9rifier les dates de disponibilit\u00e9s pour le r\u00e9pit-h\u00e9bergement. Une<\/p>\n<p><a class=\"more-link\" href=\"https:\/\/centreevasion.com\/index.php\/demande-inscription\/inscription-maison-gilles-carles\/\">Read More<\/a><\/p>\n","protected":false},"author":1,"featured_media":0,"parent":66,"menu_order":0,"comment_status":"closed","ping_status":"closed","template":"","meta":{"footnotes":""},"class_list":["post-460","page","type-page","status-publish","hentry"],"_links":{"self":[{"href":"https:\/\/centreevasion.com\/index.php\/wp-json\/wp\/v2\/pages\/460","targetHints":{"allow":["GET"]}}],"collection":[{"href":"https:\/\/centreevasion.com\/index.php\/wp-json\/wp\/v2\/pages"}],"about":[{"href":"https:\/\/centreevasion.com\/index.php\/wp-json\/wp\/v2\/types\/page"}],"author":[{"embeddable":true,"href":"https:\/\/centreevasion.com\/index.php\/wp-json\/wp\/v2\/users\/1"}],"replies":[{"embeddable":true,"href":"https:\/\/centreevasion.com\/index.php\/wp-json\/wp\/v2\/comments?post=460"}],"version-history":[{"count":12,"href":"https:\/\/centreevasion.com\/index.php\/wp-json\/wp\/v2\/pages\/460\/revisions"}],"predecessor-version":[{"id":1506,"href":"https:\/\/centreevasion.com\/index.php\/wp-json\/wp\/v2\/pages\/460\/revisions\/1506"}],"up":[{"embeddable":true,"href":"https:\/\/centreevasion.com\/index.php\/wp-json\/wp\/v2\/pages\/66"}],"wp:attachment":[{"href":"https:\/\/centreevasion.com\/index.php\/wp-json\/wp\/v2\/media?parent=460"}],"curies":[{"name":"wp","href":"https:\/\/api.w.org\/{rel}","templated":true}]}}